{"id":35,"date":"2019-10-24T10:46:53","date_gmt":"2019-10-24T10:46:53","guid":{"rendered":"http:\/\/www.henrimajuri.fi\/?page_id=35"},"modified":"2023-02-20T02:26:21","modified_gmt":"2023-02-19T23:26:21","slug":"blogi","status":"publish","type":"page","link":"https:\/\/www.henrimajuri.fi\/index.php\/blogi\/","title":{"rendered":"Blogi"},"content":{"rendered":"<p>[et_pb_section fb_built=&#8221;1&#8243; fullwidth=&#8221;on&#8221; admin_label=&#8221;Header&#8221; _builder_version=&#8221;4.0.3&#8243; background_enable_color=&#8221;off&#8221; width_tablet=&#8221;&#8221; width_phone=&#8221;100%&#8221; width_last_edited=&#8221;on|phone&#8221;][et_pb_fullwidth_header title=&#8221;HENRI MAJURIN BLOGI&#8221; text_orientation=&#8221;center&#8221; button_one_text=&#8221;Tutustu my\u00f6s Instagramiini&#8221; button_one_url=&#8221;https:\/\/www.instagram.com\/henrimajuri\/&#8221; background_overlay_color=&#8221;rgba(0,0,0,0)&#8221; title_phone=&#8221;HENRI MAJURIN BLOGI&#8221; title_last_edited=&#8221;off|phone&#8221; _builder_version=&#8221;4.5.3&#8243; title_font=&#8221;Gotham Bold|700|||||||&#8221; title_text_align=&#8221;center&#8221; title_font_size=&#8221;7vw&#8221; title_letter_spacing=&#8221;1px&#8221; title_line_height=&#8221;1.1em&#8221; content_font=&#8221;Gotham Book|700|||||||&#8221; content_text_align=&#8221;center&#8221; content_text_color=&#8221;#ffffff&#8221; content_font_size=&#8221;24px&#8221; content_letter_spacing=&#8221;1px&#8221; subhead_font=&#8221;Noto Sans||||||||&#8221; subhead_text_align=&#8221;center&#8221; subhead_font_size=&#8221;30px&#8221; subhead_line_height=&#8221;2em&#8221; background_enable_color=&#8221;off&#8221; background_enable_image=&#8221;off&#8221; background_video_mp4=&#8221;https:\/\/www.henrimajuri.fi\/wp-content\/uploads\/2021\/02\/vedos.mp4&#8243; custom_button_one=&#8221;on&#8221; button_one_text_size=&#8221;25px&#8221; button_one_text_color=&#8221;#ffffff&#8221; button_one_border_width=&#8221;0px&#8221; button_one_border_color=&#8221;#ffffff&#8221; button_one_border_radius=&#8221;100px&#8221; button_one_font=&#8221;Gotham Bold|700||on|||||&#8221; button_one_icon=&#8221;%%298%%&#8221; button_one_on_hover=&#8221;off&#8221; custom_margin=&#8221;|||&#8221; custom_padding=&#8221;75px||300px|1px||&#8221; custom_padding_tablet=&#8221;100px|||&#8221; custom_padding_phone=&#8221;&#8221; custom_padding_last_edited=&#8221;on|phone&#8221; animation_style=&#8221;fade&#8221; animation_direction=&#8221;top&#8221; hover_enabled=&#8221;0&#8243; title_font_size_tablet=&#8221;60px&#8221; title_font_size_phone=&#8221;60px&#8221; title_font_size_last_edited=&#8221;on|phone&#8221; subhead_font_size_tablet=&#8221;&#8221; subhead_font_size_phone=&#8221;20px&#8221; subhead_font_size_last_edited=&#8221;on|desktop&#8221; subhead_line_height_tablet=&#8221;&#8221; subhead_line_height_phone=&#8221;1.5em&#8221; subhead_line_height_last_edited=&#8221;on|phone&#8221; button_one_icon_phone=&#8221;%%298%%&#8221; button_one_icon_last_edited=&#8221;off|phone&#8221; button_one_text_color_hover=&#8221;#ffffff&#8221; button_one_border_color_hover=&#8221;#ff9e59&#8243; button_one_border_radius_hover=&#8221;100px&#8221; button_one_bg_color_hover=&#8221;#ff9e59&#8243; button_one_text_size__hover_enabled=&#8221;off&#8221; button_two_text_size__hover_enabled=&#8221;off&#8221; button_one_text_color__hover_enabled=&#8221;off|desktop&#8221; button_one_text_color__hover=&#8221;#ffffff&#8221; button_two_text_color__hover_enabled=&#8221;off&#8221; button_one_border_width__hover_enabled=&#8221;off&#8221; button_two_border_width__hover_enabled=&#8221;off&#8221; button_one_border_color__hover_enabled=&#8221;on&#8221; button_one_border_color__hover=&#8221;#ff9e59&#8243; button_two_border_color__hover_enabled=&#8221;off&#8221; button_one_border_radius__hover_enabled=&#8221;on&#8221; button_one_border_radius__hover=&#8221;100px&#8221; button_two_border_radius__hover_enabled=&#8221;off&#8221; button_one_letter_spacing__hover_enabled=&#8221;off&#8221; button_two_letter_spacing__hover_enabled=&#8221;off&#8221; button_one_bg_color__hover_enabled=&#8221;off|desktop&#8221; button_one_bg_color__hover=&#8221;#ff9e59&#8243; button_two_bg_color__hover_enabled=&#8221;off&#8221;]<\/p>\n<p><span>Kiinteist\u00f6nv\u00e4litt\u00e4j\u00e4 LKV | Partner <span style=\"color: #ffffff;\"><a href=\"https:\/\/www.instagram.com\/bo_tampere\/\" target=\"_blank\" rel=\"noopener noreferrer\" style=\"color: #ffffff;\">@bo_tampere<\/a><\/span><\/span><\/p>\n<p>[\/et_pb_fullwidth_header][\/et_pb_section][et_pb_section fb_built=&#8221;1&#8243; _builder_version=&#8221;3.22&#8243; custom_padding=&#8221;|||&#8221;][et_pb_row column_structure=&#8221;1_2,1_2&#8243; _builder_version=&#8221;3.25&#8243; custom_padding=&#8221;|||&#8221;][et_pb_column type=&#8221;1_2&#8243; _builder_version=&#8221;3.25&#8243; custom_padding=&#8221;|||&#8221; custom_padding__hover=&#8221;|||&#8221;][et_pb_image src=&#8221;https:\/\/www.henrimajuri.fi\/wp-content\/uploads\/2019\/11\/Maajuuri3.png&#8221; align_tablet=&#8221;center&#8221; align_phone=&#8221;&#8221; align_last_edited=&#8221;on|desktop&#8221; _builder_version=&#8221;4.0.3&#8243; custom_margin=&#8221;-250px|||&#8221; animation_direction=&#8221;bottom&#8221; border_radii=&#8221;on|3px|3px|3px|3px&#8221;][\/et_pb_image][\/et_pb_column][et_pb_column type=&#8221;1_2&#8243; _builder_version=&#8221;3.25&#8243; custom_padding=&#8221;|||&#8221; custom_padding__hover=&#8221;|||&#8221;][et_pb_text content_tablet=&#8221;&#8221; content_phone=&#8221;<\/p>\n<h2 style=%22text-align: center;%22>KIINTEIST\u00d6N- V\u00c4LITYKSEN UUSI AIKAKAUSI!<\/h2>\n<p style=%22text-align: center;%22>Henri Majuri jakaa uudessa blogissaan mietteit\u00e4\u00e4n asuntomarkkinoista ja kiinteist\u00f6nv\u00e4litt\u00e4misest\u00e4. Ensimm\u00e4isess\u00e4 kirjoituksessaan h\u00e4n vertailee kuluneita vuosikymmeni\u00e4 kiinteist\u00f6nv\u00e4litt\u00e4j\u00e4n n\u00e4k\u00f6kulmasta ja pohtii, millaisia muutoksia alalla mahdollisesti n\u00e4hd\u00e4\u00e4n l\u00e4hitulevaisuudessa.<\/p>\n<p>&#8221; content_last_edited=&#8221;on|phone&#8221; _builder_version=&#8221;4.4.5&#8243; header_2_font_size=&#8221;35px&#8221; header_2_letter_spacing=&#8221;1px&#8221; header_2_line_height=&#8221;1.1em&#8221; width_tablet=&#8221;&#8221; width_phone=&#8221;95%&#8221; width_last_edited=&#8221;on|desktop&#8221; header_font_size_phone=&#8221;25px&#8221; header_font_size_last_edited=&#8221;off|desktop&#8221; custom_css_main_element=&#8221;word-wrap: normal;||word-break: normal;&#8221;]<\/p>\n<h2 style=\"text-align: left;\">KIINTEIST\u00d6NV\u00c4LITYKSEN UUSI AIKAKAUSI!<\/h2>\n<p>Henri Majuri jakaa uudessa blogissaan mietteit\u00e4\u00e4n asuntomarkkinoista ja kiinteist\u00f6nv\u00e4litt\u00e4misest\u00e4.<\/p>\n<p>&nbsp;<\/p>\n<p>[\/et_pb_text][\/et_pb_column][\/et_pb_row][et_pb_row _builder_version=&#8221;4.4.5&#8243;][et_pb_column type=&#8221;4_4&#8243; _builder_version=&#8221;4.0.3&#8243;][et_pb_blog meta_date=&#8221;d.m.Y&#8221; show_thumbnail=&#8221;off&#8221; show_author=&#8221;off&#8221; show_categories=&#8221;off&#8221; show_pagination=&#8221;off&#8221; _builder_version=&#8221;4.4.5&#8243; header_level=&#8221;h3&#8243; header_text_color=&#8221;#000000&#8243; body_font=&#8221;Gotham Book||||||||&#8221; body_font_size=&#8221;17px&#8221; meta_font=&#8221;Gotham Book||||||||&#8221; meta_text_color=&#8221;#000000&#8243; meta_font_size=&#8221;16px&#8221; text_orientation=&#8221;left&#8221; width=&#8221;70%&#8221; module_alignment=&#8221;left&#8221; overflow-x=&#8221;hidden&#8221; overflow-y=&#8221;hidden&#8221;][\/et_pb_blog][\/et_pb_column][\/et_pb_row][\/et_pb_section]<\/p>\n","protected":false},"excerpt":{"rendered":"<p>Henri Majurin blogi Kiinteist\u00f6nv\u00e4lityksest\u00e4 Tampereen alueella.<\/p>\n","protected":false},"author":2,"featured_media":475,"parent":0,"menu_order":0,"comment_status":"closed","ping_status":"closed","template":"","meta":{"_et_pb_use_builder":"on","_et_pb_old_content":"","_et_gb_content_width":""},"yoast_head":"<!-- This site is optimized with the Yoast SEO plugin v20.1 - https:\/\/yoast.com\/wordpress\/plugins\/seo\/ -->\n<title>Blogi - Henri Majuri<\/title>\n<meta name=\"robots\" content=\"index, follow, max-snippet:-1, max-image-preview:large, max-video-preview:-1\" \/>\n<link rel=\"canonical\" href=\"https:\/\/www.henrimajuri.fi\/index.php\/blogi\/\" \/>\n<meta property=\"og:locale\" content=\"fi_FI\" \/>\n<meta property=\"og:type\" content=\"article\" \/>\n<meta property=\"og:title\" content=\"Blogi - Henri Majuri\" \/>\n<meta property=\"og:description\" content=\"Henri Majurin blogi Kiinteist\u00f6nv\u00e4lityksest\u00e4 Tampereen alueella.\" \/>\n<meta property=\"og:url\" content=\"https:\/\/www.henrimajuri.fi\/index.php\/blogi\/\" \/>\n<meta property=\"og:site_name\" content=\"Henri Majuri\" \/>\n<meta property=\"article:modified_time\" content=\"2023-02-19T23:26:21+00:00\" \/>\n<meta property=\"og:image\" content=\"https:\/\/www.henrimajuri.fi\/wp-content\/uploads\/2019\/11\/Majuri512.png\" \/>\n\t<meta property=\"og:image:width\" content=\"512\" \/>\n\t<meta property=\"og:image:height\" content=\"512\" \/>\n\t<meta property=\"og:image:type\" content=\"image\/png\" \/>\n<meta name=\"twitter:card\" content=\"summary_large_image\" \/>\n<meta name=\"twitter:label1\" content=\"Arvioitu lukuaika\" \/>\n\t<meta name=\"twitter:data1\" content=\"4 minuuttia\" \/>\n<script type=\"application\/ld+json\" class=\"yoast-schema-graph\">{\"@context\":\"https:\/\/schema.org\",\"@graph\":[{\"@type\":\"WebPage\",\"@id\":\"https:\/\/www.henrimajuri.fi\/index.php\/blogi\/\",\"url\":\"https:\/\/www.henrimajuri.fi\/index.php\/blogi\/\",\"name\":\"Blogi - Henri Majuri\",\"isPartOf\":{\"@id\":\"https:\/\/www.henrimajuri.fi\/#website\"},\"datePublished\":\"2019-10-24T10:46:53+00:00\",\"dateModified\":\"2023-02-19T23:26:21+00:00\",\"breadcrumb\":{\"@id\":\"https:\/\/www.henrimajuri.fi\/index.php\/blogi\/#breadcrumb\"},\"inLanguage\":\"fi\",\"potentialAction\":[{\"@type\":\"ReadAction\",\"target\":[\"https:\/\/www.henrimajuri.fi\/index.php\/blogi\/\"]}]},{\"@type\":\"BreadcrumbList\",\"@id\":\"https:\/\/www.henrimajuri.fi\/index.php\/blogi\/#breadcrumb\",\"itemListElement\":[{\"@type\":\"ListItem\",\"position\":1,\"name\":\"Etusivu\",\"item\":\"https:\/\/www.henrimajuri.fi\/\"},{\"@type\":\"ListItem\",\"position\":2,\"name\":\"Blogi\"}]},{\"@type\":\"WebSite\",\"@id\":\"https:\/\/www.henrimajuri.fi\/#website\",\"url\":\"https:\/\/www.henrimajuri.fi\/\",\"name\":\"Henri Majuri\",\"description\":\"Bo LKV Tampere\",\"potentialAction\":[{\"@type\":\"SearchAction\",\"target\":{\"@type\":\"EntryPoint\",\"urlTemplate\":\"https:\/\/www.henrimajuri.fi\/?s={search_term_string}\"},\"query-input\":\"required name=search_term_string\"}],\"inLanguage\":\"fi\"}]}<\/script>\n<!-- \/ Yoast SEO plugin. -->","yoast_head_json":{"title":"Blogi - Henri Majuri","robots":{"index":"index","follow":"follow","max-snippet":"max-snippet:-1","max-image-preview":"max-image-preview:large","max-video-preview":"max-video-preview:-1"},"canonical":"https:\/\/www.henrimajuri.fi\/index.php\/blogi\/","og_locale":"fi_FI","og_type":"article","og_title":"Blogi - Henri Majuri","og_description":"Henri Majurin blogi Kiinteist\u00f6nv\u00e4lityksest\u00e4 Tampereen alueella.","og_url":"https:\/\/www.henrimajuri.fi\/index.php\/blogi\/","og_site_name":"Henri Majuri","article_modified_time":"2023-02-19T23:26:21+00:00","og_image":[{"width":512,"height":512,"url":"https:\/\/www.henrimajuri.fi\/wp-content\/uploads\/2019\/11\/Majuri512.png","type":"image\/png"}],"twitter_card":"summary_large_image","twitter_misc":{"Arvioitu lukuaika":"4 minuuttia"},"schema":{"@context":"https:\/\/schema.org","@graph":[{"@type":"WebPage","@id":"https:\/\/www.henrimajuri.fi\/index.php\/blogi\/","url":"https:\/\/www.henrimajuri.fi\/index.php\/blogi\/","name":"Blogi - Henri Majuri","isPartOf":{"@id":"https:\/\/www.henrimajuri.fi\/#website"},"datePublished":"2019-10-24T10:46:53+00:00","dateModified":"2023-02-19T23:26:21+00:00","breadcrumb":{"@id":"https:\/\/www.henrimajuri.fi\/index.php\/blogi\/#breadcrumb"},"inLanguage":"fi","potentialAction":[{"@type":"ReadAction","target":["https:\/\/www.henrimajuri.fi\/index.php\/blogi\/"]}]},{"@type":"BreadcrumbList","@id":"https:\/\/www.henrimajuri.fi\/index.php\/blogi\/#breadcrumb","itemListElement":[{"@type":"ListItem","position":1,"name":"Etusivu","item":"https:\/\/www.henrimajuri.fi\/"},{"@type":"ListItem","position":2,"name":"Blogi"}]},{"@type":"WebSite","@id":"https:\/\/www.henrimajuri.fi\/#website","url":"https:\/\/www.henrimajuri.fi\/","name":"Henri Majuri","description":"Bo LKV Tampere","potentialAction":[{"@type":"SearchAction","target":{"@type":"EntryPoint","urlTemplate":"https:\/\/www.henrimajuri.fi\/?s={search_term_string}"},"query-input":"required name=search_term_string"}],"inLanguage":"fi"}]}},"_links":{"self":[{"href":"https:\/\/www.henrimajuri.fi\/index.php\/wp-json\/wp\/v2\/pages\/35"}],"collection":[{"href":"https:\/\/www.henrimajuri.fi\/index.php\/wp-json\/wp\/v2\/pages"}],"about":[{"href":"https:\/\/www.henrimajuri.fi\/index.php\/wp-json\/wp\/v2\/types\/page"}],"author":[{"embeddable":true,"href":"https:\/\/www.henrimajuri.fi\/index.php\/wp-json\/wp\/v2\/users\/2"}],"replies":[{"embeddable":true,"href":"https:\/\/www.henrimajuri.fi\/index.php\/wp-json\/wp\/v2\/comments?post=35"}],"version-history":[{"count":87,"href":"https:\/\/www.henrimajuri.fi\/index.php\/wp-json\/wp\/v2\/pages\/35\/revisions"}],"predecessor-version":[{"id":949,"href":"https:\/\/www.henrimajuri.fi\/index.php\/wp-json\/wp\/v2\/pages\/35\/revisions\/949"}],"wp:featuredmedia":[{"embeddable":true,"href":"https:\/\/www.henrimajuri.fi\/index.php\/wp-json\/wp\/v2\/media\/475"}],"wp:attachment":[{"href":"https:\/\/www.henrimajuri.fi\/index.php\/wp-json\/wp\/v2\/media?parent=35"}],"curies":[{"name":"wp","href":"https:\/\/api.w.org\/{rel}","templated":true}]}}